 o(z) = 5*z + 254. Determine o(-17).
169
Let w(t) = -3*t**2 - 704*t + 5074. Give w(7).
-1
Let z(t) = 826*t - 75234. Give z(91).
-68
Let b(k) = -k**3 - 100*k**2 - 108*k - 974. What is b(-99)?
-83
Let a(c) = -c**2 + 265*c - 16527. What is a(96)?
-303
Let r(v) = -929*v - 59290. Calculate r(-63).
-763
Let q(h) = -4*h**3 - 5*h**2 + 49*h + 25. Give q(-4).
5
Let s(g) = 3414*g + 576960. What is s(-169)?
-6
Let n(g) = -g**3 + 22*g**2 + 41*g + 2590. Calculate n(27).
52
Let k(o) = 216669*o + 216685. What is k(-1)?
16
Let t(i) = -10875*i**2 + 260971*i + 43. Calculate t(24).
-653
Let f(s) = 4*s**2 - 1002*s + 14496. What is f(235)?
-74
Let h(c) = 7*c**3 + 36*c**2 + 302*c + 1129. Determine h(-4).
49
Let h(r) = -10*r**2 + 17907*r - 648883. Give h(37).
-14
Let f(u) = -6*u**3 - 995*u**2 + 163*u - 80. Determine f(-166).
418
Let k(f) = -77*f**3 - 81*f**2 - 237*f - 1. Determine k(-3).
2060
Let w(k) = -8404*k - 309688. Determine w(-37).
1260
Let d(h) = 1106*h - 2756. Determine d(4).
1668
Let l(g) = -26*g**2 + 226*g + 9. Give l(8).
153
Let h(i) = 1455*i - 44999. Determine h(31).
106
Let f(k) = -2377*k - 47107. What is f(-20)?
433
Let u(f) = -512*f + 251995. Give u(492).
91
Let h(y) = 14087*y + 662095. Determine h(-47).
6
Let f(l) = -2*l**3 + 9*l**2 - 48*l + 751. Give f(10).
-829
Let o(d) = -34571*d - 276154. Calculate o(-8).
414
Let z(o) = -55*o**2 + 1937*o - 186. Determine z(35).
234
Let b(z) = 4*z**2 + 1022*z - 13587. Give b(13).
375
Let m(x) = -398*x**2 - 3184*x + 34. What is m(-8)?
34
Let a(b) = -3943*b - 16784. Calculate a(-5).
2931
Let s(k) = 30*k**2 + 2334*k - 147. What is s(-78)?
321
Let k(b) = -b**3 - 19*b**2 - 164614*b - 2962725. Calculate k(-18).
3
Let j(b) = 455*b**2 + 52809*b + 3371. Calculate j(-116).
7
Let c(g) = -2*g + 583. Determine c(132).
319
Let i(q) = -1262178*q + 5048710. Give i(4).
-2
Let s(j) = -j**2 + 74*j + 777. Determine s(83).
30
Let d(o) = 2*o**2 + 194*o - 8907. Give d(-131).
1
Let v(g) = g**2 + 777*g - 15926. What is v(20)?
14
Let l(w) = 670*w - 306839. Give l(458).
21
Let y(l) = 255487*l + 255482. Calculate y(-1).
-5
Let n(i) = 12*i**2 - 1502*i - 1499. What is n(-1)?
15
Let v(b) = -1272*b + 709. Calculate v(2).
-1835
Let b(a) = -3*a**2 + 1776*a - 1775. Calculate b(591).
-2
Let w(d) = -9*d**3 - 10*d**2 + 59*d + 198. Give w(-3).
174
Let d(p) = -p**2 - 184*p + 5505. Give d(27).
-192
Let z(s) = -3*s**2 + 139*s - 723. Determine z(36).
393
Let t(h) = -53293*h + 213229. Give t(4).
57
Let h(u) = u**2 - 130*u + 356. What is h(3)?
-25
Let n(d) = -d**2 - 1992*d - 432485. Give n(-248).
27
Let k(n) = -14085*n - 408358. Calculate k(-29).
107
Let x(f) = -2*f**3 + 16*f**2 + 41*f - 11. Calculate x(10).
-1
Let y(u) = 7163*u + 108189. Give y(-15).
744
Let i(a) = a**3 - 3*a**2 - 713*a + 2153. Give i(3).
14
Let n(z) = -868*z - 9473. What is n(-11)?
75
Let l(q) = 2*q**2 + 44*q - 1964. What is l(22)?
-28
Let c(a) = -2*a**3 + 444*a**2 + 528*a - 17829. Give c(223).
457
Let y(r) = -r**3 - 2145*r**2 - 1118396*r - 2490. What is y(-1251)?
12
Let i(m) = -2776*m + 10664. Give i(6).
-5992
Let t(y) = 312*y**3 - 55*y**2 - 71*y + 74. Calculate t(-2).
-2500
Let p(j) = -3*j**3 - 241*j**2 - 3508*j - 232. Give p(-19).
-4
Let b(s) = -s**3 + 13*s**2 - 264*s + 2809. Determine b(10).
469
Let b(i) = 311501*i + 622990. What is b(-2)?
-12
Let v(l) = -16*l**3 + 465*l**2 + 470*l - 14459. Calculate v(29).
12
Let k(b) = -6890*b + 19. Determine k(0).
19
Let r(z) = -38*z**2 - 38733*z + 27550. Calculate r(-1020).
10
Let b(q) = -418*q + 255. Calculate b(3).
-999
Let c(i) = -8*i**3 - 609*i**2 - 77*i - 761. Calculate c(-76).
-685
Let c(l) = -4999*l - 54951. Give c(-11).
38
Let a(k) = k**3 + 505*k**2 + 2518*k + 101. Give a(-5).
11
Let j(z) = 17*z + 1276. Determine j(-41).
579
Let m(t) = 3251*t + 126541. Determine m(-39).
-248
Let d(h) = -31*h**3 - 22*h**2 + 81*h - 13. Give d(3).
-805
Let d(w) = -w**3 - 11541*w**2 + 115510*w - 51. Determine d(10).
-51
Let m(t) = -25019*t + 975607. Calculate m(39).
-134
Let d(i) = -32*i**2 - 2556*i - 301. Calculate d(-80).
-621
Let y(f) = f**3 - 170*f**2 + 274*f + 10980. What is y(168)?
564
Let d(j) = 10*j**2 - 2037*j + 10069. Give d(5).
134
Let i(f) = 18*f**3 - 216*f**2 - 58*f + 697. Determine i(12).
1
Let t(f) = -f**3 - f**2 + 148*f - 55. What is t(12)?
-151
Let f(g) = -32*g**3 + 618*g**2 - 3157*g + 11. What is f(5)?
-4324
Let y(w) = -238*w + 21881. Give y(91).
223
Let t(z) = -3*z**2 - 552*z - 19866. Give t(-44).
-1386
Let i(h) = 17*h + 1639. Determine i(-41).
942
Let c(n) = -170044*n - 3570904. What is c(-21)?
20
Let c(x) = 288*x - 14856. Calculate c(51).
-168
Let k(j) = -j**3 + 18*j**2 - 74*j + 2246. Give k(20).
-34
Let f(k) = -593*k + 2321. Calculate f(4).
-51
Let z(o) = -o**3 - 42*o**2 + 230*o - 292. Give z(-47).
-57
Let l(u) = -12481*u + 911127. Determine l(73).
14
Let r(h) = -h**2 + 2340*h + 196109. What is r(-81)?
8
Let n(r) = -4*r**2 - 1245*r + 20856. Give n(16).
-88
Let y(h) = h**3 - 20*h**2 - 139*h - 116. Give y(25).
-466
Let l(k) = -669*k + 20071. What is l(30)?
1
Let d(j) = 182*j**2 + 1102*j + 59. Determine d(-6).
-1
Let b(k) = -5*k**3 + 93*k**2 - 431*k + 43. Give b(7).
-132
Let z(x) = 52*x + 13223. Calculate z(-251).
171
Let j(u) = -1154*u + 41487. Give j(36).
-57
Let x(j) = 4*j**3 + 65*j**2 - 34*j + 607. Give x(-17).
318
Let a(f) = -f**2 + 234*f - 11273. Give a(68).
15
Let q(c) = -93534*c - 2431916. Give q(-26).
-32
Let s(i) = 2*i**3 - 137*i**2 + 185*i + 1077. Determine s(67).
5
Let q(m) = -2103*m - 143100. Calculate q(-68).
-96
Let z(m) = -5952*m - 3795. Give z(-1).
2157
Let t(w) = -2*w**2 + 2382*w + 203386. Calculate t(-80).
26
Let b(f) = -10*f**2 - 43709*f - 43711. Calculate b(-1).
-12
Let q(z) = -3*z**2 - 229*z - 2153. What is q(-59)?
915
Let k(z) = -6*z**2 + 75*z + 43. Determine k(-8).
-941
Let l(x) = -2*x**3 + 80*x**2 + 6*x - 329. Determine l(40).
-89
Let i(g) = -2*g**3 - 45*g**2 + 217*g - 66. Determine i(-29).
4574
Let o(x) = 549*x - 48310. Give o(88).
2
Let v(t) = -428*t + 15184. Determine v(33).
1060
Let p(l) = 10*l**2 + 20462*l + 142726. Determine p(-7).
-18
Let f(z) = 15*z**3 + 66*z**2 + 22*z + 157. Give f(-4).
165
Let w(a) = -658*a - 19093. Calculate w(-29).
-11
Let d(b) = -3003*b + 17371. Calculate d(6).
-647
Let j(m) = -1114773*m - 15606838. Give j(-14).
-16
Let p(o) = -47*o**2 - 2638*o + 279. Give p(-56).
615
Let v(a) = a**3 - 83*a**2 - 29*a - 4619. Determine v(84).
1
Let y(j) = 961*j + 71036. What is y(-74)?
-78
Let g(w) = -18406*w - 55217. Determine g(-3).
1
Let v(z) = 269*z**2 + 110*z - 454. Determine v(4).
4290
Let w(d) = -2*d**2 - 214*d - 1213. Calculate w(-101).
-1
Let g(w) = 6*w**3 + 4*w**2 - 4*w - 219. Calculate g(-8).
-3003
Let x(s) = 26*s**2 + 4918*s - 84478. Determine x(-205).
-18
Let w(b) = 2*b**2 + 1357*b - 16582. Determine w(12).
-10
Let j(c) = 204*c**2 - 1193*c + 1193. Calculate j(1).
204
Let z(j) = 4*j**2 + 1403*j + 102554. Calculate z(-247).
49
Let r(z) = -2460*z - 415746. Determine r(-169).
-6
Let h(t) = -t**3 + 2*t**2 - 13*t - 30. Determine h(5).
-170
Let j(x) = 1903*x**3 - 39957*x**2 - 121*x - 119. Determine j(21).
-14
Let v(y) = 1022*y + 11847. Determine v(-11).
605
Let a(i) = -7288*i + 13605. Determine a(2).
-971
Let f(k) = 1297*k + 127087. Give f(-98).
-19
Let l(s) = s**3 - 12*s**2 + 61*s + 486. Calculate l(-4).
-14
Let m(y) = -y**3 + 20*y**2 - 54*y + 143. Determine m(17).
92
Let h(o) = 9*o**2 - 635*o - 2164. Calculate h(74).
130
Let j(h) = 9*h**2 + 3511*h + 3889. Calculate j(-389).
-1
Let s(x) = -x**3 - 11*x**2 + 130*x + 1477. Determine s(-10).
77
Let b(q) = 2*q**3 + 105*q**2 - 116*q + 2482. Calculate b(-54).
-2
Let x(r) = 6*r**3 + 12*r**2 + 147*r - 680. What is x(5)?
1105
Let n(s) = -s**2 + 5332*s - 451143. Give n(86).
13
Let w(b) = -b**2 + 49*b - 384. Give w(40).
-24
Let z(i) = -5*i**3 + 42*i**2 + 40*i - 146. Calculate z(7).
477
Let y(m) = m**3 + 1327*m**2 - 20133*m - 4025. What is y(-1342)?
1
Let a(q) = -5269*q + 94833. What is a(18)?
-9
Let m(z) = 51788*z + 51792. Calculate m(-1).
4
Let r(t) = t**2 + 8139*t + 97522. Calculate r(-12).
-2
Let w(g) = g**3 - 75*g**2 + 417*g - 158. Give w(69).
49
Let i(x) = x**2 - 10821*x - 3393412. Give i(-305).
18
Let s(u) = -u**3 - 47*u**2 + 117*u - 181. Give s(-49).
-1112
Let p(f) = 15*f**2 - 2043*f + 2622. Determine p(135).
192
Let d(j) = 140*j**2 - 34586*j - 2125